{"id":3,"date":"2023-09-13T19:39:57","date_gmt":"2023-09-13T17:39:57","guid":{"rendered":"https:\/\/audyt-sce.home.pl\/CP_new_2023\/?page_id=3"},"modified":"2023-09-21T16:08:04","modified_gmt":"2023-09-21T14:08:04","slug":"polityka-prywatnosci","status":"publish","type":"page","link":"https:\/\/cichyport.pl\/index.php\/polityka-prywatnosci\/","title":{"rendered":"|"},"content":{"rendered":"\t\t<div data-elementor-type=\"wp-page\" data-elementor-id=\"3\" class=\"elementor elementor-3\">\n\t\t\t\t\t\t\t<div class=\"elementor-element elementor-element-1948d23d e-flex e-con-boxed e-con e-parent\" data-id=\"1948d23d\" data-element_type=\"container\" data-settings=\"{&quot;content_width&quot;:&quot;boxed&quot;}\" data-core-v316-plus=\"true\">\n\t\t\t\t\t<div class=\"e-con-inner\">\n\t\t\t\t<div class=\"elementor-element elementor-element-2b2ec974 elementor-widget elementor-widget-text-editor\" data-id=\"2b2ec974\" data-element_type=\"widget\" data-widget_type=\"text-editor.default\">\n\t\t\t\t<div class=\"elementor-widget-container\">\n\t\t\t<style>\/*! elementor - v3.16.0 - 14-09-2023 *\/\n.elementor-widget-text-editor.elementor-drop-cap-view-stacked .elementor-drop-cap{background-color:#69727d;color:#fff}.elementor-widget-text-editor.elementor-drop-cap-view-framed .elementor-drop-cap{color:#69727d;border:3px solid;background-color:transparent}.elementor-widget-text-editor:not(.elementor-drop-cap-view-default) .elementor-drop-cap{margin-top:8px}.elementor-widget-text-editor:not(.elementor-drop-cap-view-default) .elementor-drop-cap-letter{width:1em;height:1em}.elementor-widget-text-editor .elementor-drop-cap{float:left;text-align:center;line-height:1;font-size:50px}.elementor-widget-text-editor .elementor-drop-cap-letter{display:inline-block}<\/style>\t\t\t\t<!-- wp:paragraph -->\n<p><strong>Polityka Prywatno\u015bci. Informacje o zbieranych danych i celu w jakim s\u0105 wykorzystywane.\u00a0<\/strong><\/p>\n<!-- \/wp:paragraph --><!-- wp:heading {\"level\":5} -->\n<h5 class=\"wp-block-heading\">Podstawowe informacje.<\/h5>\n<!-- \/wp:heading --><!-- wp:heading {\"level\":5} -->\n<h5 class=\"wp-block-heading\">\u00a0<\/h5>\n<!-- \/wp:heading --><!-- wp:paragraph -->\n<p>1.<strong> ADMINISTRATOR DANYCH<\/strong><br \/>Administratorem danych jest SCE PROJEKT Marek Kowalik z siedzib\u0105 w Gda\u0144sku, przy\u00a0 ul. L\u0119borska 3 B\u00a0 wpisan\u0105 do Ewidencji Dzia\u0142alno\u015bci Gospodarczej pod nr 144074, o nr REGON 190674120, NIP 584-118-85-65, prowadz\u0105cym biuro nieruchomo\u015bci pod nazw\u0105 handlowa Biuro Nieruchomo\u015bci CICHY PORT. Z Administratorem danych kontaktowa\u0107 mo\u017cna si\u0119 poprzez adres email: kontakt @cichyport.pl.<\/p>\n<!-- \/wp:paragraph --><!-- wp:paragraph -->\n<p><strong>2. GROMADZONE INFORMACJE<\/strong><br \/>Podstawowe dane identyfikacyjne i telekomunikacyjne, umo\u017cliwiaj\u0105ce kontakt, zbierane na przeznaczonych do tego formularzach wraz z tre\u015bci\u0105 zapyta\u0144. Informacje z serwisu internetowego zbierane automatycznie w postaci: plik\u00f3w cookies zapisywanych na urz\u0105dzeniach ko\u0144cowych oraz log\u00f3w aktywno\u015bci serwera www gromadzonych przez operatora hostingowego. Przekazane dane nie s\u0105 udost\u0119pniane podmiotom trzecim \u00a0bez jednoznacznej zgody u\u017cytkownika.<\/p>\n<!-- \/wp:paragraph --><!-- wp:paragraph -->\n<p><strong>3. \u00a0CELE PRZETWARZANIA ZBIERANYCH DANYCH<\/strong><br \/>Umo\u017cliwienie kontaktu, w tym udzielenia odpowiedzi na zadane pytanie oraz podj\u0119cia dzia\u0142a\u0144 przed ewentualnym zawarciem umowy.<br \/>Przetwarzanie plik\u00f3w cookie odbywa si\u0119 jednocze\u015bnie na warunkach okre\u015blonych i zaakceptowanych przez u\u017cytkownika za pomoc\u0105 konfiguracji przegl\u0105darki u\u017cytej do przegl\u0105dania naszego serwisu.<\/p>\n<!-- \/wp:paragraph --><!-- wp:paragraph -->\n<p><strong>4. OKRES PRZECHOWYWANIA DANYCH OSOBOWYCH<\/strong><br \/>Dane osobowe b\u0119d\u0105 przetwarzane przez czas potrzebny na realizacj\u0119 us\u0142ug na rzecz u\u017cytkownika przez Administratora, a po zako\u0144czeniu ich \u015bwiadczenia przez czas potrzebny na wykazanie prawid\u0142owo\u015bci wykonania obowi\u0105zk\u00f3w Administratora na rzecz u\u017cytkownika. Okres ten odpowiada d\u0142ugo\u015bci okresu przedawnienia roszcze\u0144.<\/p>\n<!-- \/wp:paragraph --><!-- wp:paragraph -->\n<p><strong>5. PRAWA U\u017bYTKOWNIKA<\/strong><br \/>Zgodnie z przepisami Og\u00f3lnego Rozporz\u0105dzenia dotycz\u0105cego Ochrony Danych Osobowych oraz ustawy Prawo telekomunikacyjne u\u017cytkownikowi przys\u0142uguj\u0105 prawa:<\/p>\n<!-- \/wp:paragraph --><!-- wp:paragraph -->\n<p>\u2022 dost\u0119pu do tre\u015bci danych oraz prawo ich sprostowania,<br \/>\u2022usuni\u0119cia lub ograniczenia przetwarzania,<br \/>\u2022 prawo do przenoszenia danych,<br \/>\u2022 prawo wniesienia sprzeciwu, za\u017c\u0105dania zaprzestania przetwarzania i przenoszenia danych,<br \/>\u2022 prawo do cofni\u0119cia zgody w dowolnym momencie,<br \/>\u2022 prawo do wniesienia skargi do organu nadzorczego (tj.: Prezes Urz\u0119du Ochrony Danych Osobowych) w momencie uznania, i\u017c przetwarzanie przez Administratora danych osobowych narusza przepisy og\u00f3lne rozporz\u0105dzenia o ochronie danych osobowych z dnia 27 kwietnia 2016 r.<\/p>\n<!-- \/wp:paragraph --><!-- wp:paragraph -->\n<p>W celu realizacji Twoich uprawnie\u0144, wyra\u017cenia albo cofni\u0119cia zg\u00f3d oraz wnoszenia sprzeciw\u00f3w opisanych powy\u017cej U\u017cytkowni mo\u017ce z skorzysta\u0107 z poni\u017cszych mo\u017cliwo\u015bci kontaktu: adres e-mail:\u00a0kontakt cichy port.pl; wysy\u0142aj\u0105c korespondencj\u0119 na adres: SCE PROJEKT (CICHY PORT) , ul. L\u0119borska 3b 80-386 Gda\u0144sk; tel. 531\u00a0532 053.<\/p>\n<!-- \/wp:paragraph --><!-- wp:paragraph -->\n<p><strong>6. PLIKI COOKIES<\/strong><br \/>Pliki cookies to w szczeg\u00f3lno\u015bci pliki tekstowe zawieraj\u0105ce dane informatyczne. S\u0105 przechowywane na urz\u0105dzeniach ko\u0144cowych u\u017cytkownika i wykorzystywane przy przegl\u0105daniu stron internetowych. Pliki cookies zazwyczaj zawieraj\u0105 nazw\u0119 strony internetowej z kt\u00f3rej pochodz\u0105, czas przechowywania na urz\u0105dzeniu ko\u0144cowym oraz unikalny numer.<\/p>\n<!-- \/wp:paragraph --><!-- wp:paragraph -->\n<p>\u00a0<strong>Do czego wykorzystywane s\u0105 pliki cookies?<\/strong><br \/>Pliki cookies pozwalaj\u0105 dostosowa\u0107 witryn\u0119 internetow\u0105 do preferencji u\u017cytkownika poprzez okre\u015blenie urz\u0105dzenia dost\u0119powego i zapami\u0119tywanie wcze\u015bniej wybranych opcji wy\u015bwietlania strony. Wykorzystywane s\u0105 tak\u017ce do opracowywania anonimowych statystyk, kt\u00f3re s\u0142u\u017c\u0105 do optymalizowania tre\u015bci serwisu.<\/p>\n<!-- \/wp:paragraph --><!-- wp:paragraph -->\n<p>\u00a0<strong>Pliki cookies a dane osobowe<\/strong><br \/>Przy u\u017cyciu plik\u00f3w cookies mog\u0105 by\u0107 zbierane dane osobowe, kt\u00f3re mog\u0105 by\u0107 wykorzystane wy\u0142\u0105cznie w celu wykonywania okre\u015blonych funkcji na rzecz u\u017cytkownika. Ponadto tak zebrane dane s\u0105 zaszyfrowane w spos\u00f3b, kt\u00f3ry uniemo\u017cliwia do nich dost\u0119p osobom nieuprawnionym.<br \/>W serwisie mog\u0105 by\u0107 wykorzystywane nast\u0119puj\u0105ce pliki cookies:<\/p>\n<!-- \/wp:paragraph --><!-- wp:paragraph -->\n<p>\u2022 analityczne &#8211; wykorzystywane do opracowywania anonimowych statystyk korzystania z serwisu,<br \/>\u2022 funkcjonalne &#8211; wymagane do prawid\u0142owego dzia\u0142ania strony i przechowywania informacji dotycz\u0105cych sesji u\u017cytkownika, s\u0105 zwi\u0105zane z obs\u0142ug\u0105 i przegl\u0105daniem strony,<br \/>\u2022 reklamowe i zwi\u0105zane z social media &#8211; wykorzystywane do wy\u015bwietlania reklam i personalizowania ich tre\u015bci i ofert pod u\u017cytkownika oraz wykorzystywane do obs\u0142ugi funkcji wynikaj\u0105cych z integracji z portalami spo\u0142eczno\u015bciowymi takimi jak Facebook, Google +, Twitter itp.<\/p>\n<!-- \/wp:paragraph --><!-- wp:paragraph -->\n<p><strong>Zarz\u0105dzanie plikami cookies<\/strong><br \/>Zgodnie z obowi\u0105zuj\u0105cymi przepisami ustawy z dnia 16 lipca 2004 r. Prawo telekomunikacyjne (Dz. U. nr 171, poz. 1800 z p\u00f3\u017an. zm.) u\u017cytkownik ma prawo zadecydowania w zakresie dost\u0119pu plik\u00f3w cookies do swojego komputera poprzez ich uprzedni wyb\u00f3r w oknie swojej przegl\u0105darki.<\/p>\n<!-- \/wp:paragraph --><!-- wp:paragraph -->\n<p><strong>Jak zarz\u0105dza\u0107 plikami cookies w popularnych przegl\u0105darkach internetowych?<\/strong><br \/>Informacje o post\u0119powaniu zgodnie z instrukcjami na stronach:<br \/>Mozilla Firefox\u00a0\u00a0\u00a0<a href=\"http:\/\/support.mozilla.org\/pl\/kb\/ciasteczka\">http:\/\/support.mozilla.org\/pl\/kb\/ciasteczka<\/a><br \/>Internet Explorer\u00a0\u00a0<a href=\"http:\/\/support.microsoft.com\/kb\/278835\/pl\">http:\/\/support.microsoft.com\/kb\/278835\/pl<\/a><br \/>Google Chrome\u00a0\u00a0<a href=\"http:\/\/support.google.com\/chrome\/bin\/answer.py?hl=pl&amp;answer=95647\">http:\/\/support.google.com\/chrome\/bin\/answer.py?hl=pl&amp;answer=95647<\/a><br \/>Safari\u00a0\u00a0<a href=\"https:\/\/support.apple.com\/pl-pl\/HT201265\">https:\/\/support.apple.com\/pl-pl\/HT201265<\/a><\/p>\n<!-- \/wp:paragraph -->\t\t\t\t\t\t<\/div>\n\t\t\t\t<\/div>\n\t\t\t\t\t<\/div>\n\t\t\t\t<\/div>\n\t\t\t\t\t\t\t<\/div>\n\t\t","protected":false},"excerpt":{"rendered":"<p>Polityka Prywatno\u015bci. Informacje o zbieranych danych i celu w jakim s\u0105 wykorzystywane.\u00a0 Podstawowe informacje. \u00a0 1. ADMINISTRATOR DANYCHAdministratorem danych jest SCE PROJEKT Marek Kowalik z siedzib\u0105 w Gda\u0144sku, przy\u00a0 ul. L\u0119borska 3 B\u00a0 wpisan\u0105 do Ewidencji Dzia\u0142alno\u015bci Gospodarczej pod nr 144074, o nr REGON 190674120, NIP 584-118-85-65, prowadz\u0105cym biuro nieruchomo\u015bci pod nazw\u0105 handlowa Biuro Nieruchomo\u015bci&#8230;<\/p>\n","protected":false},"author":1,"featured_media":0,"parent":0,"menu_order":4,"comment_status":"closed","ping_status":"closed","template":"","meta":{"_kad_post_transparent":"","_kad_post_title":"","_kad_post_layout":"","_kad_post_sidebar_id":"","_kad_post_content_style":"","_kad_post_vertical_padding":"","_kad_post_feature":"","_kad_post_feature_position":"","_kad_post_header":false,"_kad_post_footer":false,"footnotes":""},"class_list":["post-3","page","type-page","status-publish","hentry"],"yoast_head":"<!-- This site is optimized with the Yoast SEO plugin v21.1 - https:\/\/yoast.com\/wordpress\/plugins\/seo\/ -->\n<title>| - Biuro Nieruchomo\u015bci CICHY PORT<\/title>\n<meta name=\"robots\" content=\"index, follow, max-snippet:-1, max-image-preview:large, max-video-preview:-1\" \/>\n<link rel=\"canonical\" href=\"https:\/\/cichyport.pl\/index.php\/polityka-prywatnosci\/\" \/>\n<meta property=\"og:locale\" content=\"pl_PL\" \/>\n<meta property=\"og:type\" content=\"article\" \/>\n<meta property=\"og:title\" content=\"| - Biuro Nieruchomo\u015bci CICHY PORT\" \/>\n<meta property=\"og:description\" content=\"Polityka Prywatno\u015bci. Informacje o zbieranych danych i celu w jakim s\u0105 wykorzystywane.\u00a0 Podstawowe informacje. \u00a0 1. ADMINISTRATOR DANYCHAdministratorem danych jest SCE PROJEKT Marek Kowalik z siedzib\u0105 w Gda\u0144sku, przy\u00a0 ul. L\u0119borska 3 B\u00a0 wpisan\u0105 do Ewidencji Dzia\u0142alno\u015bci Gospodarczej pod nr 144074, o nr REGON 190674120, NIP 584-118-85-65, prowadz\u0105cym biuro nieruchomo\u015bci pod nazw\u0105 handlowa Biuro Nieruchomo\u015bci...\" \/>\n<meta property=\"og:url\" content=\"https:\/\/cichyport.pl\/index.php\/polityka-prywatnosci\/\" \/>\n<meta property=\"og:site_name\" content=\"Biuro Nieruchomo\u015bci CICHY PORT\" \/>\n<meta property=\"article:publisher\" content=\"https:\/\/facebook.com\/cichyport\" \/>\n<meta property=\"article:modified_time\" content=\"2023-09-21T14:08:04+00:00\" \/>\n<meta name=\"twitter:card\" content=\"summary_large_image\" \/>\n<meta name=\"twitter:label1\" content=\"Szacowany czas czytania\" \/>\n\t<meta name=\"twitter:data1\" content=\"4 minuty\" \/>\n<script type=\"application\/ld+json\" class=\"yoast-schema-graph\">{\"@context\":\"https:\/\/schema.org\",\"@graph\":[{\"@type\":\"WebPage\",\"@id\":\"https:\/\/cichyport.pl\/index.php\/polityka-prywatnosci\/\",\"url\":\"https:\/\/cichyport.pl\/index.php\/polityka-prywatnosci\/\",\"name\":\"| - Biuro Nieruchomo\u015bci CICHY PORT\",\"isPartOf\":{\"@id\":\"https:\/\/cichyport.pl\/#website\"},\"datePublished\":\"2023-09-13T17:39:57+00:00\",\"dateModified\":\"2023-09-21T14:08:04+00:00\",\"breadcrumb\":{\"@id\":\"https:\/\/cichyport.pl\/index.php\/polityka-prywatnosci\/#breadcrumb\"},\"inLanguage\":\"pl-PL\",\"potentialAction\":[{\"@type\":\"ReadAction\",\"target\":[\"https:\/\/cichyport.pl\/index.php\/polityka-prywatnosci\/\"]}]},{\"@type\":\"BreadcrumbList\",\"@id\":\"https:\/\/cichyport.pl\/index.php\/polityka-prywatnosci\/#breadcrumb\",\"itemListElement\":[{\"@type\":\"ListItem\",\"position\":1,\"name\":\"Strona g\u0142\u00f3wna\",\"item\":\"https:\/\/cichyport.pl\/\"},{\"@type\":\"ListItem\",\"position\":2,\"name\":\"|\"}]},{\"@type\":\"WebSite\",\"@id\":\"https:\/\/cichyport.pl\/#website\",\"url\":\"https:\/\/cichyport.pl\/\",\"name\":\"Biuro Nieruchomo\u015bci CICHY PORT\",\"description\":\"...znajd\u017a z nami sw\u00f3j w\u0142asny cichy port\",\"publisher\":{\"@id\":\"https:\/\/cichyport.pl\/#organization\"},\"potentialAction\":[{\"@type\":\"SearchAction\",\"target\":{\"@type\":\"EntryPoint\",\"urlTemplate\":\"https:\/\/cichyport.pl\/?s={search_term_string}\"},\"query-input\":\"required name=search_term_string\"}],\"inLanguage\":\"pl-PL\"},{\"@type\":\"Organization\",\"@id\":\"https:\/\/cichyport.pl\/#organization\",\"name\":\"Biuro Nieruchomo\u015bci CICHY PORT\",\"alternateName\":\"CICHY PORT Biuro Nieruchomo\u015bci\",\"url\":\"https:\/\/cichyport.pl\/\",\"logo\":{\"@type\":\"ImageObject\",\"inLanguage\":\"pl-PL\",\"@id\":\"https:\/\/cichyport.pl\/#\/schema\/logo\/image\/\",\"url\":\"https:\/\/audyt-sce.home.pl\/CP_new_2023\/wp-content\/uploads\/2023\/09\/logo.png\",\"contentUrl\":\"https:\/\/audyt-sce.home.pl\/CP_new_2023\/wp-content\/uploads\/2023\/09\/logo.png\",\"width\":270,\"height\":270,\"caption\":\"Biuro Nieruchomo\u015bci CICHY PORT\"},\"image\":{\"@id\":\"https:\/\/cichyport.pl\/#\/schema\/logo\/image\/\"},\"sameAs\":[\"https:\/\/facebook.com\/cichyport\"]}]}<\/script>\n<!-- \/ Yoast SEO plugin. -->","yoast_head_json":{"title":"| - Biuro Nieruchomo\u015bci CICHY PORT","robots":{"index":"index","follow":"follow","max-snippet":"max-snippet:-1","max-image-preview":"max-image-preview:large","max-video-preview":"max-video-preview:-1"},"canonical":"https:\/\/cichyport.pl\/index.php\/polityka-prywatnosci\/","og_locale":"pl_PL","og_type":"article","og_title":"| - Biuro Nieruchomo\u015bci CICHY PORT","og_description":"Polityka Prywatno\u015bci. Informacje o zbieranych danych i celu w jakim s\u0105 wykorzystywane.\u00a0 Podstawowe informacje. \u00a0 1. ADMINISTRATOR DANYCHAdministratorem danych jest SCE PROJEKT Marek Kowalik z siedzib\u0105 w Gda\u0144sku, przy\u00a0 ul. L\u0119borska 3 B\u00a0 wpisan\u0105 do Ewidencji Dzia\u0142alno\u015bci Gospodarczej pod nr 144074, o nr REGON 190674120, NIP 584-118-85-65, prowadz\u0105cym biuro nieruchomo\u015bci pod nazw\u0105 handlowa Biuro Nieruchomo\u015bci...","og_url":"https:\/\/cichyport.pl\/index.php\/polityka-prywatnosci\/","og_site_name":"Biuro Nieruchomo\u015bci CICHY PORT","article_publisher":"https:\/\/facebook.com\/cichyport","article_modified_time":"2023-09-21T14:08:04+00:00","twitter_card":"summary_large_image","twitter_misc":{"Szacowany czas czytania":"4 minuty"},"schema":{"@context":"https:\/\/schema.org","@graph":[{"@type":"WebPage","@id":"https:\/\/cichyport.pl\/index.php\/polityka-prywatnosci\/","url":"https:\/\/cichyport.pl\/index.php\/polityka-prywatnosci\/","name":"| - Biuro Nieruchomo\u015bci CICHY PORT","isPartOf":{"@id":"https:\/\/cichyport.pl\/#website"},"datePublished":"2023-09-13T17:39:57+00:00","dateModified":"2023-09-21T14:08:04+00:00","breadcrumb":{"@id":"https:\/\/cichyport.pl\/index.php\/polityka-prywatnosci\/#breadcrumb"},"inLanguage":"pl-PL","potentialAction":[{"@type":"ReadAction","target":["https:\/\/cichyport.pl\/index.php\/polityka-prywatnosci\/"]}]},{"@type":"BreadcrumbList","@id":"https:\/\/cichyport.pl\/index.php\/polityka-prywatnosci\/#breadcrumb","itemListElement":[{"@type":"ListItem","position":1,"name":"Strona g\u0142\u00f3wna","item":"https:\/\/cichyport.pl\/"},{"@type":"ListItem","position":2,"name":"|"}]},{"@type":"WebSite","@id":"https:\/\/cichyport.pl\/#website","url":"https:\/\/cichyport.pl\/","name":"Biuro Nieruchomo\u015bci CICHY PORT","description":"...znajd\u017a z nami sw\u00f3j w\u0142asny cichy port","publisher":{"@id":"https:\/\/cichyport.pl\/#organization"},"potentialAction":[{"@type":"SearchAction","target":{"@type":"EntryPoint","urlTemplate":"https:\/\/cichyport.pl\/?s={search_term_string}"},"query-input":"required name=search_term_string"}],"inLanguage":"pl-PL"},{"@type":"Organization","@id":"https:\/\/cichyport.pl\/#organization","name":"Biuro Nieruchomo\u015bci CICHY PORT","alternateName":"CICHY PORT Biuro Nieruchomo\u015bci","url":"https:\/\/cichyport.pl\/","logo":{"@type":"ImageObject","inLanguage":"pl-PL","@id":"https:\/\/cichyport.pl\/#\/schema\/logo\/image\/","url":"https:\/\/audyt-sce.home.pl\/CP_new_2023\/wp-content\/uploads\/2023\/09\/logo.png","contentUrl":"https:\/\/audyt-sce.home.pl\/CP_new_2023\/wp-content\/uploads\/2023\/09\/logo.png","width":270,"height":270,"caption":"Biuro Nieruchomo\u015bci CICHY PORT"},"image":{"@id":"https:\/\/cichyport.pl\/#\/schema\/logo\/image\/"},"sameAs":["https:\/\/facebook.com\/cichyport"]}]}},"_links":{"self":[{"href":"https:\/\/cichyport.pl\/index.php\/wp-json\/wp\/v2\/pages\/3","targetHints":{"allow":["GET"]}}],"collection":[{"href":"https:\/\/cichyport.pl\/index.php\/wp-json\/wp\/v2\/pages"}],"about":[{"href":"https:\/\/cichyport.pl\/index.php\/wp-json\/wp\/v2\/types\/page"}],"author":[{"embeddable":true,"href":"https:\/\/cichyport.pl\/index.php\/wp-json\/wp\/v2\/users\/1"}],"replies":[{"embeddable":true,"href":"https:\/\/cichyport.pl\/index.php\/wp-json\/wp\/v2\/comments?post=3"}],"version-history":[{"count":17,"href":"https:\/\/cichyport.pl\/index.php\/wp-json\/wp\/v2\/pages\/3\/revisions"}],"predecessor-version":[{"id":306,"href":"https:\/\/cichyport.pl\/index.php\/wp-json\/wp\/v2\/pages\/3\/revisions\/306"}],"wp:attachment":[{"href":"https:\/\/cichyport.pl\/index.php\/wp-json\/wp\/v2\/media?parent=3"}],"curies":[{"name":"wp","href":"https:\/\/api.w.org\/{rel}","templated":true}]}}